{"id":3,"date":"2024-11-04T14:41:56","date_gmt":"2024-11-04T14:41:56","guid":{"rendered":"https:\/\/sysdomain.pt\/wp2\/?page_id=3"},"modified":"2024-11-19T15:15:59","modified_gmt":"2024-11-19T15:15:59","slug":"privacidade","status":"publish","type":"page","link":"https:\/\/sysdomain.pt\/wp2\/inicio\/privacidade\/","title":{"rendered":"Privacidade"},"content":{"rendered":"\t\t<div data-elementor-type=\"wp-page\" data-elementor-id=\"3\" class=\"elementor elementor-3\" data-elementor-post-type=\"page\">\n\t\t\t\t<div class=\"elementor-element elementor-element-658445c4 e-flex e-con-boxed e-con e-parent\" data-id=\"658445c4\" data-element_type=\"container\">\n\t\t\t\t\t<div class=\"e-con-inner\">\n\t\t\t\t<div class=\"elementor-element elementor-element-527722ce elementor-widget elementor-widget-text-editor\" data-id=\"527722ce\" data-element_type=\"widget\" data-widget_type=\"text-editor.default\">\n\t\t\t\t<div class=\"elementor-widget-container\">\n\t\t\t\t\t\t\t\t\t<p><\/p>\n<h2 class=\"wp-block-heading\">Introdu\u00e7\u00e3o<\/h2>\n<p><span style=\"font-size: 17px;\">A presente Pol\u00edtica de Privacidade e Prote\u00e7\u00e3o de Dados Pessoais, doravante \u201cPol\u00edtica de Privacidade\u201d ou apenas \u201cPol\u00edtica\u201d, aplica-se genericamente \u00e0 recolha e tratamento dos dados pessoais fornecidos pelos utilizadores que acedem a este site\/aplica\u00e7\u00e3o, designadamente, os recolhidos atrav\u00e9s dos formul\u00e1rios, documentos ou outros meios destinados a permitir o contacto com a Sysdomain, Manut\u00ean\u00e7\u00e3o de Sistemas Inform\u00e1ticos Unip, Lda, pessoa coletiva 504 51 80, matriculada na Conservat\u00f3ria do Registo Comercial de Cascais, com sede na Rua Luis de Cam\u00f5es 39 CV Esq, 1495-083 Alg\u00e9s, e como capital social de 5.000 Euros, doravante abreviadamente designada por \u201cSysdomain\u201d, aplicando-se ainda ao exerc\u00edcio de direitos, pelo utilizador, relativamente a estes dados, nos termos da legisla\u00e7\u00e3o aplic\u00e1vel.<\/span><br style=\"box-sizing: inherit; font-size: 17px;\" \/><span style=\"font-size: 17px;\">Esta Pol\u00edtica reveste-se de car\u00e1cter geral, pelo que a informa\u00e7\u00e3o que nela \u00e9 prestada pode ser complementada ou afastada, total ou parcialmente, por outras pol\u00edticas, avisos ou informa\u00e7\u00f5es de car\u00e1cter mais espec\u00edfico que eventualmente tenham sido ou venham a ser disponibilizadas no contexto de certos tipos de tratamento de dados pessoais.<\/span><\/p>\n<h2 style=\"box-sizing: inherit; color: #000000; font-family: Poppins, sans-serif; margin-block: 1.5rem 0px; max-width: var(--wp--style--global--content-size); margin: 0px auto !important 0.625rem auto !important;\">Respons\u00e1vel Pelo Tratamento de Dados<\/h2>\n<p style=\"box-sizing: inherit; margin-block: 1.5rem 0px; max-width: var(--wp--style--global--content-size); font-size: 17px; margin-left: auto !important; margin-right: auto !important;\">A Sysdomain, cujos dados de contacto est\u00e3o acima indicados, \u00e9 a entidade respons\u00e1vel pelo tratamento dos dados pessoais fornecidos pelo respetivo titular no preenchimento de formul\u00e1rios existentes neste site\/aplica\u00e7\u00e3o, bem como os demais dados pessoais que tenham sido ou venham a ser fornecidos em qualquer outro suporte, diretamente ou por interm\u00e9dio de outrem, ou que tenham sido gerados pela Sysdomain, quer no \u00e2mbito de contactos pr\u00e9vios quer na celebra\u00e7\u00e3o, execu\u00e7\u00e3o, renova\u00e7\u00e3o ou cessa\u00e7\u00e3o do contrato ou que tenham resultado das mesmas e respeitantes quer ao utilizador do site\/aplica\u00e7\u00e3o, doravante designados \u201cDados Pessoais\u201d.<br style=\"box-sizing: inherit;\" \/>O fornecimento, \u00e0 Sysdomain, dos Dados Pessoais recolhidos no \u00e2mbito de dilig\u00eancias pr\u00e9-contratuais ou no processo de contrata\u00e7\u00e3o, para al\u00e9m dos casos em que corresponde a informa\u00e7\u00e3o necess\u00e1ria para cumprimento de obriga\u00e7\u00f5es legais da Sysdomain, constitui requisito necess\u00e1rio para as dilig\u00eancias pr\u00e9-contratuais e, bem assim, para a celebra\u00e7\u00e3o do contrato e sua execu\u00e7\u00e3o, pelo que, na eventualidade de os mesmos n\u00e3o serem facultados \u00e0 Sysdomain, o contrato n\u00e3o poder\u00e1 ser por esta aceite.<\/p>\n<p style=\"box-sizing: inherit; margin-block: 1.5rem 0px; max-width: var(--wp--style--global--content-size); font-size: 17px; margin-left: auto !important; margin-right: auto !important;\"><strong style=\"box-sizing: inherit;\">\u201climita\u00e7\u00e3o da finalidade<\/strong>\u201d Os dados s\u00e3o recolhidos para finalidades determinadas, expl\u00edcitas e leg\u00edtimas e n\u00e3o ser\u00e3o tratados posteriormente de forma incompat\u00edvel com essas finalidades.<\/p>\n<p style=\"box-sizing: inherit; margin-block: 1.5rem 0px; max-width: var(--wp--style--global--content-size); font-size: 17px; margin-left: auto !important; margin-right: auto !important;\"><strong style=\"box-sizing: inherit;\">\u201cminimiza\u00e7\u00e3o de dados<\/strong>\u201d Os dados s\u00e3o adequados, pertinentes e limitados ao necess\u00e1rio em rela\u00e7\u00e3o \u00e0 finalidade para a qual s\u00e3o tratados.<\/p>\n<p style=\"box-sizing: inherit; margin-block: 1.5rem 0px; max-width: var(--wp--style--global--content-size); font-size: 17px; margin-left: auto !important; margin-right: auto !important;\"><strong style=\"box-sizing: inherit;\">\u201cexatid\u00e3o<\/strong>\u201d \u2013 Os dados s\u00e3o exatos e, sempre que necess\u00e1rio, atualizados.<\/p>\n<p style=\"box-sizing: inherit; margin-block: 1.5rem 0px; max-width: var(--wp--style--global--content-size); font-size: 17px; margin-left: auto !important; margin-right: auto !important;\">\u201c<strong style=\"box-sizing: inherit;\">limita\u00e7\u00e3o da conserva\u00e7\u00e3o<\/strong>\u201d \u2013 Os dados n\u00e3o ser\u00e3o conservados durante mais tempo do que o necess\u00e1rio para o efeito.<\/p>\n<p style=\"box-sizing: inherit; margin-block: 1.5rem 0px; max-width: var(--wp--style--global--content-size); font-size: 17px; margin-left: auto !important; margin-right: auto !important;\">\u201c<strong style=\"box-sizing: inherit;\">integridade e confidencialidade<\/strong>\u201d \u2013 Os dados s\u00e3o tratados com seguran\u00e7a apropriada, usando medidas t\u00e9cnicas e organizativas apropriadas, incluindo prote\u00e7\u00e3o contra processamento n\u00e3o autorizado ou ilegal, contra perda, destrui\u00e7\u00e3o ou dano acidental.<\/p>\n<p>\u00a0<\/p>\n<h2 style=\"box-sizing: inherit; color: #000000; font-family: Poppins, sans-serif; margin-block: 1.5rem 0px; max-width: var(--wp--style--global--content-size); margin: 0px auto !important 0.625rem auto !important;\">Direitos<\/h2>\n<p style=\"box-sizing: inherit; margin-block: 1.5rem 0px; max-width: var(--wp--style--global--content-size); font-size: 17px; margin-left: auto !important; margin-right: auto !important;\">Que direitos detem sobre a sua informa\u00e7\u00e3o?<\/p>\n<p style=\"box-sizing: inherit; margin-block: 1.5rem 0px; max-width: var(--wp--style--global--content-size); font-size: 17px; margin-left: auto !important; margin-right: auto !important;\">Se tiver uma conta neste site, pode solicitar que lhe seja enviado um ficheiro com toda a informa\u00e7\u00e3o pessoal que nos tenha fornecido. Esta informa\u00e7\u00e3o n\u00e3o inclui dados que somos obrigados a manter por motivos de seguran\u00e7a, legais, administrativos ou fiscais.<\/p>\n<p style=\"box-sizing: inherit; margin-block: 1.5rem 0px; max-width: var(--wp--style--global--content-size); font-size: 17px; margin-left: auto !important; margin-right: auto !important;\">\u00a0<\/p>\n<h2>Cookies<\/h2>\n<p><span style=\"font-size: 17px; color: var( --e-global-color-text ); font-family: var( --e-global-typography-text-font-family ), Sans-serif; font-style: var( --e-global-typography-text-font-style ); font-weight: var( --e-global-typography-text-font-weight ); letter-spacing: var( --e-global-typography-text-letter-spacing ); text-transform: var( --e-global-typography-text-text-transform ); text-align: var(--text-align); background-color: var( --e-global-color-c696dce );\">Ao usar o nosso site poderemos utilizar cookies para controle de sess\u00e3o. Se n\u00e3o concordar com a sus utiliza\u00e7\u00e3o or favor n\u00e3o prossiga com a utiliza\u00e7\u00e3o do site<\/span><\/p>\n<p style=\"box-sizing: inherit; margin-block: 1.5rem 0px; max-width: var(--wp--style--global--content-size); font-size: 17px; margin-left: auto !important; margin-right: auto !important;\">Estes n\u00e3o contem informa\u00e7\u00e3o pessoal ser\u00e3o eleminados quando o browser seja encerrado.<\/p>\n<p>\u00a0<\/p>\n<h2 style=\"box-sizing: inherit; color: #000000; font-family: Poppins, sans-serif; margin-block: 1.5rem 0px; max-width: var(--wp--style--global--content-size); margin: 0px auto !important 0.625rem auto !important;\">Altera\u00e7\u00f5es \u00e0 pol\u00edtica de privacidade<\/h2>\n<div>\u00a0<\/div>\n<p><span style=\"font-size: 17px;\">A presente Pol\u00edtica de Privacidade poder\u00e1 ser alterada periodicamente, mediante publica\u00e7\u00e3o no s\u00edtio da Sysdomain, sem necessidade de consentimento pr\u00e9vio e expresso do titular dos dados.<\/span><br style=\"box-sizing: inherit; font-size: 17px;\" \/><span style=\"font-size: 17px;\">Quaisquer altera\u00e7\u00f5es de car\u00e1cter significativo ser\u00e3o comunicadas com o grau de publicidade correspondente \u00e0 sua relev\u00e2ncia, seja mediante destaque na publica\u00e7\u00e3o online, seja, caso a relev\u00e2ncia o justifique, mediante comunica\u00e7\u00e3o individualizada aos titulares dos dados.<\/span><\/p>\n<p><\/p>\t\t\t\t\t\t\t\t<\/div>\n\t\t\t\t<\/div>\n\t\t\t\t\t<\/div>\n\t\t\t\t<\/div>\n\t\t\t\t<\/div>\n\t\t","protected":false},"excerpt":{"rendered":"<p>Introdu\u00e7\u00e3o A presente Pol\u00edtica de Privacidade e Prote\u00e7\u00e3o de Dados Pessoais, doravante \u201cPol\u00edtica de Privacidade\u201d ou apenas \u201cPol\u00edtica\u201d, aplica-se genericamente \u00e0 recolha e tratamento dos dados pessoais fornecidos pelos utilizadores que acedem a este site\/aplica\u00e7\u00e3o, designadamente, os recolhidos atrav\u00e9s dos formul\u00e1rios, documentos ou outros meios destinados a permitir o contacto com a Sysdomain, Manut\u00ean\u00e7\u00e3o de [&hellip;]<\/p>\n","protected":false},"author":1,"featured_media":0,"parent":36,"menu_order":0,"comment_status":"closed","ping_status":"closed","template":"elementor_header_footer","meta":{"om_disable_all_campaigns":false,"_monsterinsights_skip_tracking":false,"_monsterinsights_sitenote_active":false,"_monsterinsights_sitenote_note":"","_monsterinsights_sitenote_category":0,"_uf_show_specific_survey":0,"_uf_disable_surveys":false,"footnotes":""},"class_list":["post-3","page","type-page","status-publish","hentry"],"aioseo_notices":[],"yoast_head":"<!-- This site is optimized with the Yoast SEO plugin v23.7 - https:\/\/yoast.com\/wordpress\/plugins\/seo\/ -->\n<title>Privacidade - Sysdomain<\/title>\n<meta name=\"robots\" content=\"index, follow, max-snippet:-1, max-image-preview:large, max-video-preview:-1\" \/>\n<link rel=\"canonical\" href=\"https:\/\/sysdomain.pt\/wp2\/inicio\/privacidade\/\" \/>\n<meta property=\"og:locale\" content=\"pt_PT\" \/>\n<meta property=\"og:type\" content=\"article\" \/>\n<meta property=\"og:title\" content=\"Privacidade - Sysdomain\" \/>\n<meta property=\"og:description\" content=\"Introdu\u00e7\u00e3o A presente Pol\u00edtica de Privacidade e Prote\u00e7\u00e3o de Dados Pessoais, doravante \u201cPol\u00edtica de Privacidade\u201d ou apenas \u201cPol\u00edtica\u201d, aplica-se genericamente \u00e0 recolha e tratamento dos dados pessoais fornecidos pelos utilizadores que acedem a este site\/aplica\u00e7\u00e3o, designadamente, os recolhidos atrav\u00e9s dos formul\u00e1rios, documentos ou outros meios destinados a permitir o contacto com a Sysdomain, Manut\u00ean\u00e7\u00e3o de [&hellip;]\" \/>\n<meta property=\"og:url\" content=\"https:\/\/sysdomain.pt\/wp2\/inicio\/privacidade\/\" \/>\n<meta property=\"og:site_name\" content=\"Sysdomain\" \/>\n<meta property=\"article:publisher\" content=\"https:\/\/www.facebook.com\/Sysdomain\" \/>\n<meta property=\"article:modified_time\" content=\"2024-11-19T15:15:59+00:00\" \/>\n<meta name=\"twitter:card\" content=\"summary_large_image\" \/>\n<meta name=\"twitter:label1\" content=\"Tempo estimado de leitura\" \/>\n\t<meta name=\"twitter:data1\" content=\"4 minutos\" \/>\n<script type=\"application\/ld+json\" class=\"yoast-schema-graph\">{\"@context\":\"https:\/\/schema.org\",\"@graph\":[{\"@type\":\"WebPage\",\"@id\":\"https:\/\/sysdomain.pt\/wp2\/inicio\/privacidade\/\",\"url\":\"https:\/\/sysdomain.pt\/wp2\/inicio\/privacidade\/\",\"name\":\"Privacidade - Sysdomain\",\"isPartOf\":{\"@id\":\"https:\/\/sysdomain.pt\/wp2\/#website\"},\"datePublished\":\"2024-11-04T14:41:56+00:00\",\"dateModified\":\"2024-11-19T15:15:59+00:00\",\"breadcrumb\":{\"@id\":\"https:\/\/sysdomain.pt\/wp2\/inicio\/privacidade\/#breadcrumb\"},\"inLanguage\":\"pt-PT\",\"potentialAction\":[{\"@type\":\"ReadAction\",\"target\":[\"https:\/\/sysdomain.pt\/wp2\/inicio\/privacidade\/\"]}]},{\"@type\":\"BreadcrumbList\",\"@id\":\"https:\/\/sysdomain.pt\/wp2\/inicio\/privacidade\/#breadcrumb\",\"itemListElement\":[{\"@type\":\"ListItem\",\"position\":1,\"name\":\"In\u00edcio\",\"item\":\"https:\/\/sysdomain.pt\/wp2\/\"},{\"@type\":\"ListItem\",\"position\":2,\"name\":\"inicio\",\"item\":\"https:\/\/sysdomain.pt\/wp2\/\"},{\"@type\":\"ListItem\",\"position\":3,\"name\":\"Privacidade\"}]},{\"@type\":\"WebSite\",\"@id\":\"https:\/\/sysdomain.pt\/wp2\/#website\",\"url\":\"https:\/\/sysdomain.pt\/wp2\/\",\"name\":\"Sysdomain\",\"description\":\"My WordPress Blog\",\"publisher\":{\"@id\":\"https:\/\/sysdomain.pt\/wp2\/#organization\"},\"potentialAction\":[{\"@type\":\"SearchAction\",\"target\":{\"@type\":\"EntryPoint\",\"urlTemplate\":\"https:\/\/sysdomain.pt\/wp2\/?s={search_term_string}\"},\"query-input\":{\"@type\":\"PropertyValueSpecification\",\"valueRequired\":true,\"valueName\":\"search_term_string\"}}],\"inLanguage\":\"pt-PT\"},{\"@type\":\"Organization\",\"@id\":\"https:\/\/sysdomain.pt\/wp2\/#organization\",\"name\":\"Sysdomain, Manuten\u00e7\u00e3o de Sistemas Inform\u00e1ticos Unip, Lda\",\"url\":\"https:\/\/sysdomain.pt\/wp2\/\",\"logo\":{\"@type\":\"ImageObject\",\"inLanguage\":\"pt-PT\",\"@id\":\"https:\/\/sysdomain.pt\/wp2\/#\/schema\/logo\/image\/\",\"url\":\"https:\/\/sysdomain.pt\/wp2\/wp-content\/uploads\/2024\/11\/logo-SYSdomain-4-1.bmp\",\"contentUrl\":\"https:\/\/sysdomain.pt\/wp2\/wp-content\/uploads\/2024\/11\/logo-SYSdomain-4-1.bmp\",\"width\":200,\"height\":80,\"caption\":\"Sysdomain, Manuten\u00e7\u00e3o de Sistemas Inform\u00e1ticos Unip, Lda\"},\"image\":{\"@id\":\"https:\/\/sysdomain.pt\/wp2\/#\/schema\/logo\/image\/\"},\"sameAs\":[\"https:\/\/www.facebook.com\/Sysdomain\"]}]}<\/script>\n<!-- \/ Yoast SEO plugin. -->","yoast_head_json":{"title":"Privacidade - Sysdomain","robots":{"index":"index","follow":"follow","max-snippet":"max-snippet:-1","max-image-preview":"max-image-preview:large","max-video-preview":"max-video-preview:-1"},"canonical":"https:\/\/sysdomain.pt\/wp2\/inicio\/privacidade\/","og_locale":"pt_PT","og_type":"article","og_title":"Privacidade - Sysdomain","og_description":"Introdu\u00e7\u00e3o A presente Pol\u00edtica de Privacidade e Prote\u00e7\u00e3o de Dados Pessoais, doravante \u201cPol\u00edtica de Privacidade\u201d ou apenas \u201cPol\u00edtica\u201d, aplica-se genericamente \u00e0 recolha e tratamento dos dados pessoais fornecidos pelos utilizadores que acedem a este site\/aplica\u00e7\u00e3o, designadamente, os recolhidos atrav\u00e9s dos formul\u00e1rios, documentos ou outros meios destinados a permitir o contacto com a Sysdomain, Manut\u00ean\u00e7\u00e3o de [&hellip;]","og_url":"https:\/\/sysdomain.pt\/wp2\/inicio\/privacidade\/","og_site_name":"Sysdomain","article_publisher":"https:\/\/www.facebook.com\/Sysdomain","article_modified_time":"2024-11-19T15:15:59+00:00","twitter_card":"summary_large_image","twitter_misc":{"Tempo estimado de leitura":"4 minutos"},"schema":{"@context":"https:\/\/schema.org","@graph":[{"@type":"WebPage","@id":"https:\/\/sysdomain.pt\/wp2\/inicio\/privacidade\/","url":"https:\/\/sysdomain.pt\/wp2\/inicio\/privacidade\/","name":"Privacidade - Sysdomain","isPartOf":{"@id":"https:\/\/sysdomain.pt\/wp2\/#website"},"datePublished":"2024-11-04T14:41:56+00:00","dateModified":"2024-11-19T15:15:59+00:00","breadcrumb":{"@id":"https:\/\/sysdomain.pt\/wp2\/inicio\/privacidade\/#breadcrumb"},"inLanguage":"pt-PT","potentialAction":[{"@type":"ReadAction","target":["https:\/\/sysdomain.pt\/wp2\/inicio\/privacidade\/"]}]},{"@type":"BreadcrumbList","@id":"https:\/\/sysdomain.pt\/wp2\/inicio\/privacidade\/#breadcrumb","itemListElement":[{"@type":"ListItem","position":1,"name":"In\u00edcio","item":"https:\/\/sysdomain.pt\/wp2\/"},{"@type":"ListItem","position":2,"name":"inicio","item":"https:\/\/sysdomain.pt\/wp2\/"},{"@type":"ListItem","position":3,"name":"Privacidade"}]},{"@type":"WebSite","@id":"https:\/\/sysdomain.pt\/wp2\/#website","url":"https:\/\/sysdomain.pt\/wp2\/","name":"Sysdomain","description":"My WordPress Blog","publisher":{"@id":"https:\/\/sysdomain.pt\/wp2\/#organization"},"potentialAction":[{"@type":"SearchAction","target":{"@type":"EntryPoint","urlTemplate":"https:\/\/sysdomain.pt\/wp2\/?s={search_term_string}"},"query-input":{"@type":"PropertyValueSpecification","valueRequired":true,"valueName":"search_term_string"}}],"inLanguage":"pt-PT"},{"@type":"Organization","@id":"https:\/\/sysdomain.pt\/wp2\/#organization","name":"Sysdomain, Manuten\u00e7\u00e3o de Sistemas Inform\u00e1ticos Unip, Lda","url":"https:\/\/sysdomain.pt\/wp2\/","logo":{"@type":"ImageObject","inLanguage":"pt-PT","@id":"https:\/\/sysdomain.pt\/wp2\/#\/schema\/logo\/image\/","url":"https:\/\/sysdomain.pt\/wp2\/wp-content\/uploads\/2024\/11\/logo-SYSdomain-4-1.bmp","contentUrl":"https:\/\/sysdomain.pt\/wp2\/wp-content\/uploads\/2024\/11\/logo-SYSdomain-4-1.bmp","width":200,"height":80,"caption":"Sysdomain, Manuten\u00e7\u00e3o de Sistemas Inform\u00e1ticos Unip, Lda"},"image":{"@id":"https:\/\/sysdomain.pt\/wp2\/#\/schema\/logo\/image\/"},"sameAs":["https:\/\/www.facebook.com\/Sysdomain"]}]}},"_links":{"self":[{"href":"https:\/\/sysdomain.pt\/wp2\/wp-json\/wp\/v2\/pages\/3","targetHints":{"allow":["GET"]}}],"collection":[{"href":"https:\/\/sysdomain.pt\/wp2\/wp-json\/wp\/v2\/pages"}],"about":[{"href":"https:\/\/sysdomain.pt\/wp2\/wp-json\/wp\/v2\/types\/page"}],"author":[{"embeddable":true,"href":"https:\/\/sysdomain.pt\/wp2\/wp-json\/wp\/v2\/users\/1"}],"replies":[{"embeddable":true,"href":"https:\/\/sysdomain.pt\/wp2\/wp-json\/wp\/v2\/comments?post=3"}],"version-history":[{"count":7,"href":"https:\/\/sysdomain.pt\/wp2\/wp-json\/wp\/v2\/pages\/3\/revisions"}],"predecessor-version":[{"id":1710,"href":"https:\/\/sysdomain.pt\/wp2\/wp-json\/wp\/v2\/pages\/3\/revisions\/1710"}],"up":[{"embeddable":true,"href":"https:\/\/sysdomain.pt\/wp2\/wp-json\/wp\/v2\/pages\/36"}],"wp:attachment":[{"href":"https:\/\/sysdomain.pt\/wp2\/wp-json\/wp\/v2\/media?parent=3"}],"curies":[{"name":"wp","href":"https:\/\/api.w.org\/{rel}","templated":true}]}}